{"id":6,"date":"2016-09-15T19:21:14","date_gmt":"2016-09-15T17:21:14","guid":{"rendered":"http:\/\/www.personalrat-muehldorf.de\/?page_id=6"},"modified":"2021-08-20T01:11:51","modified_gmt":"2021-08-19T23:11:51","slug":"impressum","status":"publish","type":"page","link":"https:\/\/www.personalrat-muehldorf.de\/?page_id=6","title":{"rendered":"Impressum"},"content":{"rendered":"<p>1. Vorsitzender: Thomas Breitsameter<br \/>\n2. Vorsitzender: Edwin Hamberger<br \/>\nSchriftf\u00fchrerin: Doris Feil<br \/>\nAgnes Pfaffinger<br \/>\nHeinrich Tratzl<br \/>\nErnst B\u00f6hm<br \/>\nManfred Wimmer<\/p>\n","protected":false},"excerpt":{"rendered":"<p>1. Vorsitzender: Thomas Breitsameter 2. Vorsitzender: Edwin Hamberger Schriftf\u00fchrerin: Doris Feil Agnes Pfaffinger Heinrich Tratzl Ernst B\u00f6hm Manfred Wimmer<\/p>\n","protected":false},"author":14,"featured_media":0,"parent":0,"menu_order":11,"comment_status":"closed","ping_status":"closed","template":"","meta":{"footnotes":""},"class_list":["post-6","page","type-page","status-publish","hentry"],"yoast_head":"<!-- This site is optimized with the Yoast SEO plugin v27.1.1 - https:\/\/yoast.com\/product\/yoast-seo-wordpress\/ -->\n<title>Impressum &#8211; Personalrat der Kreisstadt M\u00fchldorf a. Inn<\/title>\n<meta name=\"robots\" content=\"index, follow, max-snippet:-1, max-image-preview:large, max-video-preview:-1\" \/>\n<link rel=\"canonical\" href=\"https:\/\/www.personalrat-muehldorf.de\/?page_id=6\" \/>\n<meta property=\"og:locale\" content=\"de_DE\" \/>\n<meta property=\"og:type\" content=\"article\" \/>\n<meta property=\"og:title\" content=\"Impressum &#8211; Personalrat der Kreisstadt M\u00fchldorf a. Inn\" \/>\n<meta property=\"og:description\" content=\"1. Vorsitzender: Thomas Breitsameter 2. Vorsitzender: Edwin Hamberger Schriftf\u00fchrerin: Doris Feil Agnes Pfaffinger Heinrich Tratzl Ernst B\u00f6hm Manfred Wimmer\" \/>\n<meta property=\"og:url\" content=\"https:\/\/www.personalrat-muehldorf.de\/?page_id=6\" \/>\n<meta property=\"og:site_name\" content=\"Personalrat der Kreisstadt M\u00fchldorf a. Inn\" \/>\n<meta property=\"article:publisher\" content=\"https:\/\/www.facebook.com\/Thomasquickly\" \/>\n<meta property=\"article:modified_time\" content=\"2021-08-19T23:11:51+00:00\" \/>\n<meta name=\"twitter:card\" content=\"summary_large_image\" \/>\n<meta name=\"twitter:label1\" content=\"Gesch\u00e4tzte Lesezeit\" \/>\n\t<meta name=\"twitter:data1\" content=\"1\u00a0Minute\" \/>\n<script type=\"application\/ld+json\" class=\"yoast-schema-graph\">{\"@context\":\"https:\/\/schema.org\",\"@graph\":[{\"@type\":\"WebPage\",\"@id\":\"https:\/\/www.personalrat-muehldorf.de\/?page_id=6\",\"url\":\"https:\/\/www.personalrat-muehldorf.de\/?page_id=6\",\"name\":\"Impressum &#8211; Personalrat der Kreisstadt M\u00fchldorf a. Inn\",\"isPartOf\":{\"@id\":\"https:\/\/www.personalrat-muehldorf.de\/#website\"},\"datePublished\":\"2016-09-15T17:21:14+00:00\",\"dateModified\":\"2021-08-19T23:11:51+00:00\",\"breadcrumb\":{\"@id\":\"https:\/\/www.personalrat-muehldorf.de\/?page_id=6#breadcrumb\"},\"inLanguage\":\"de\",\"potentialAction\":[{\"@type\":\"ReadAction\",\"target\":[\"https:\/\/www.personalrat-muehldorf.de\/?page_id=6\"]}]},{\"@type\":\"BreadcrumbList\",\"@id\":\"https:\/\/www.personalrat-muehldorf.de\/?page_id=6#breadcrumb\",\"itemListElement\":[{\"@type\":\"ListItem\",\"position\":1,\"name\":\"Startseite\",\"item\":\"https:\/\/www.personalrat-muehldorf.de\/\"},{\"@type\":\"ListItem\",\"position\":2,\"name\":\"Impressum\"}]},{\"@type\":\"WebSite\",\"@id\":\"https:\/\/www.personalrat-muehldorf.de\/#website\",\"url\":\"https:\/\/www.personalrat-muehldorf.de\/\",\"name\":\"Personalrat der Kreisstadt M\u00fchldorf a. Inn\",\"description\":\"\",\"potentialAction\":[{\"@type\":\"SearchAction\",\"target\":{\"@type\":\"EntryPoint\",\"urlTemplate\":\"https:\/\/www.personalrat-muehldorf.de\/?s={search_term_string}\"},\"query-input\":{\"@type\":\"PropertyValueSpecification\",\"valueRequired\":true,\"valueName\":\"search_term_string\"}}],\"inLanguage\":\"de\"}]}<\/script>\n<!-- \/ Yoast SEO plugin. -->","yoast_head_json":{"title":"Impressum &#8211; Personalrat der Kreisstadt M\u00fchldorf a. Inn","robots":{"index":"index","follow":"follow","max-snippet":"max-snippet:-1","max-image-preview":"max-image-preview:large","max-video-preview":"max-video-preview:-1"},"canonical":"https:\/\/www.personalrat-muehldorf.de\/?page_id=6","og_locale":"de_DE","og_type":"article","og_title":"Impressum &#8211; Personalrat der Kreisstadt M\u00fchldorf a. Inn","og_description":"1. Vorsitzender: Thomas Breitsameter 2. Vorsitzender: Edwin Hamberger Schriftf\u00fchrerin: Doris Feil Agnes Pfaffinger Heinrich Tratzl Ernst B\u00f6hm Manfred Wimmer","og_url":"https:\/\/www.personalrat-muehldorf.de\/?page_id=6","og_site_name":"Personalrat der Kreisstadt M\u00fchldorf a. Inn","article_publisher":"https:\/\/www.facebook.com\/Thomasquickly","article_modified_time":"2021-08-19T23:11:51+00:00","twitter_card":"summary_large_image","twitter_misc":{"Gesch\u00e4tzte Lesezeit":"1\u00a0Minute"},"schema":{"@context":"https:\/\/schema.org","@graph":[{"@type":"WebPage","@id":"https:\/\/www.personalrat-muehldorf.de\/?page_id=6","url":"https:\/\/www.personalrat-muehldorf.de\/?page_id=6","name":"Impressum &#8211; Personalrat der Kreisstadt M\u00fchldorf a. Inn","isPartOf":{"@id":"https:\/\/www.personalrat-muehldorf.de\/#website"},"datePublished":"2016-09-15T17:21:14+00:00","dateModified":"2021-08-19T23:11:51+00:00","breadcrumb":{"@id":"https:\/\/www.personalrat-muehldorf.de\/?page_id=6#breadcrumb"},"inLanguage":"de","potentialAction":[{"@type":"ReadAction","target":["https:\/\/www.personalrat-muehldorf.de\/?page_id=6"]}]},{"@type":"BreadcrumbList","@id":"https:\/\/www.personalrat-muehldorf.de\/?page_id=6#breadcrumb","itemListElement":[{"@type":"ListItem","position":1,"name":"Startseite","item":"https:\/\/www.personalrat-muehldorf.de\/"},{"@type":"ListItem","position":2,"name":"Impressum"}]},{"@type":"WebSite","@id":"https:\/\/www.personalrat-muehldorf.de\/#website","url":"https:\/\/www.personalrat-muehldorf.de\/","name":"Personalrat der Kreisstadt M\u00fchldorf a. Inn","description":"","potentialAction":[{"@type":"SearchAction","target":{"@type":"EntryPoint","urlTemplate":"https:\/\/www.personalrat-muehldorf.de\/?s={search_term_string}"},"query-input":{"@type":"PropertyValueSpecification","valueRequired":true,"valueName":"search_term_string"}}],"inLanguage":"de"}]}},"_links":{"self":[{"href":"https:\/\/www.personalrat-muehldorf.de\/index.php?rest_route=\/wp\/v2\/pages\/6","targetHints":{"allow":["GET"]}}],"collection":[{"href":"https:\/\/www.personalrat-muehldorf.de\/index.php?rest_route=\/wp\/v2\/pages"}],"about":[{"href":"https:\/\/www.personalrat-muehldorf.de\/index.php?rest_route=\/wp\/v2\/types\/page"}],"author":[{"embeddable":true,"href":"https:\/\/www.personalrat-muehldorf.de\/index.php?rest_route=\/wp\/v2\/users\/14"}],"replies":[{"embeddable":true,"href":"https:\/\/www.personalrat-muehldorf.de\/index.php?rest_route=%2Fwp%2Fv2%2Fcomments&post=6"}],"version-history":[{"count":2,"href":"https:\/\/www.personalrat-muehldorf.de\/index.php?rest_route=\/wp\/v2\/pages\/6\/revisions"}],"predecessor-version":[{"id":76,"href":"https:\/\/www.personalrat-muehldorf.de\/index.php?rest_route=\/wp\/v2\/pages\/6\/revisions\/76"}],"wp:attachment":[{"href":"https:\/\/www.personalrat-muehldorf.de\/index.php?rest_route=%2Fwp%2Fv2%2Fmedia&parent=6"}],"curies":[{"name":"wp","href":"https:\/\/api.w.org\/{rel}","templated":true}]}}

<p>1. Vorsitzender: Thomas Breitsameter<br />
2. Vorsitzender: Edwin Hamberger<br />
Schriftführerin: Doris Feil<br />
Agnes Pfaffinger<br />
Heinrich Tratzl<br />
Ernst Böhm<br />
Manfred Wimmer</p>

<p>1. Vorsitzender: Thomas Breitsameter 2. Vorsitzender: Edwin Hamberger Schriftführerin: Doris Feil Agnes Pfaffinger Heinrich Tratzl Ernst Böhm Manfred Wimmer</p>

<!-- This site is optimized with the Yoast SEO plugin v27.1.1 - https://yoast.com/product/yoast-seo-wordpress/ -->
<title>Impressum &#8211; Personalrat der Kreisstadt Mühldorf a. Inn</title>
<meta name="robots" content="index, follow, max-snippet:-1, max-image-preview:large, max-video-preview:-1" />
<link rel="canonical" href="https://www.personalrat-muehldorf.de/?page_id=6" />
<meta property="og:locale" content="de_DE" />
<meta property="og:type" content="article" />
<meta property="og:title" content="Impressum &#8211; Personalrat der Kreisstadt Mühldorf a. Inn" />
<meta property="og:description" content="1. Vorsitzender: Thomas Breitsameter 2. Vorsitzender: Edwin Hamberger Schriftführerin: Doris Feil Agnes Pfaffinger Heinrich Tratzl Ernst Böhm Manfred Wimmer" />
<meta property="og:url" content="https://www.personalrat-muehldorf.de/?page_id=6" />
<meta property="og:site_name" content="Personalrat der Kreisstadt Mühldorf a. Inn" />
<meta property="article:publisher" content="https://www.facebook.com/Thomasquickly" />
<meta property="article:modified_time" content="2021-08-19T23:11:51+00:00" />
<meta name="twitter:card" content="summary_large_image" />
<meta name="twitter:label1" content="Geschätzte Lesezeit" />
	<meta name="twitter:data1" content="1 Minute" />
<script type="application/ld+json" class="yoast-schema-graph">{"@context":"https://schema.org","@graph":[{"@type":"WebPage","@id":"https://www.personalrat-muehldorf.de/?page_id=6","url":"https://www.personalrat-muehldorf.de/?page_id=6","name":"Impressum &#8211; Personalrat der Kreisstadt Mühldorf a. Inn","isPartOf":{"@id":"https://www.personalrat-muehldorf.de/#website"},"datePublished":"2016-09-15T17:21:14+00:00","dateModified":"2021-08-19T23:11:51+00:00","breadcrumb":{"@id":"https://www.personalrat-muehldorf.de/?page_id=6#breadcrumb"},"inLanguage":"de","potentialAction":[{"@type":"ReadAction","target":["https://www.personalrat-muehldorf.de/?page_id=6"]}]},{"@type":"BreadcrumbList","@id":"https://www.personalrat-muehldorf.de/?page_id=6#breadcrumb","itemListElement":[{"@type":"ListItem","position":1,"name":"Startseite","item":"https://www.personalrat-muehldorf.de/"},{"@type":"ListItem","position":2,"name":"Impressum"}]},{"@type":"WebSite","@id":"https://www.personalrat-muehldorf.de/#website","url":"https://www.personalrat-muehldorf.de/","name":"Personalrat der Kreisstadt Mühldorf a. Inn","description":"","potentialAction":[{"@type":"SearchAction","target":{"@type":"EntryPoint","urlTemplate":"https://www.personalrat-muehldorf.de/?s={search_term_string}"},"query-input":{"@type":"PropertyValueSpecification","valueRequired":true,"valueName":"search_term_string"}}],"inLanguage":"de"}]}</script>
<!-- / Yoast SEO plugin. -->

Impressum &#8211; Personalrat der Kreisstadt Mühldorf a. Inn

1. Vorsitzender: Thomas Breitsameter 2. Vorsitzender: Edwin Hamberger Schriftführerin: Doris Feil Agnes Pfaffinger Heinrich Tratzl Ernst Böhm Manfred Wimmer

Personalrat der Kreisstadt Mühldorf a. Inn
